3) is divided by p.
10
Suppose 5*s - h = 220, -134 = -5*s - 5*h + 56. Suppose -4*a + s = w, 3*w - 46 = 2*w - a. Calculate the remainder when 87 is divided by w.
40
Let z be (0 - 7)*((-3 - -5) + -4). Suppose 1373 + 237 = z*l. Calculate the remainder when 804 is divided by l.
114
Let a = 43 - 30. Let n be (-21 + -3)*(0 - (-3 + 4)). Let z = a + n. Calculate the remainder when z is divided by 22.
15
Let z be (-1 - -1) + (-48)/8. Let q(w) = -w**3 - 7*w**2 - 9*w - 8. What is the remainder when q(z) is divided by 5*(-1)/(-30) + (-220)/(-120)?
0
Let o = 7989 + -7650. What is the remainder when 362 is divided by o?
23
Let k = -10015 + 10235. What is the remainder when 662 is divided by k?
2
Suppose 3*p - u = 5*p - 195, -3*p = -2*u - 275. Let y(r) = -r**2 - r - 2. Let n be y(2). Let t = n + 20. What is the remainder when p is divided by t?
11
What is the remainder when (-98 + 1)/((-20)/(20 - 0)) is divided by 37?
23
Let s(n) = -13*n - 539. Calculate the remainder when 64378 is divided by s(-43).
18
Suppose 17*x - 595 = 12*x - 5*p, -3*x - p = -351. Suppose -d - 11 + x = 3*l, 3*d = l - 25. What is the remainder when 97 is divided by l?
29
Suppose -428*y + 52 = -426*y. Suppose 3*j + 4*f = 1, 0*j - 5 = -3*j - 2*f. What is the remainder when y is divided by j?
2
Let s(y) = -y**2 - 11*y - 9. Let w be s(-7). Suppose 0 = -w*m - 1618 + 250. Let x = m + 83. Calculate the remainder when 21 is divided by x.
10
Let l(c) = -2*c**3 - c**2 + 3*c + 1. Let q be l(-2). Calculate the remainder when 77 is divided by (1800/(-63))/(-10)*q.
17
Let k(b) = 3*b + 1. Let w(g) = -2*g**2 - 28*g + 5. Let c(l) = -6*k(l) - w(l). Calculate the remainder when 182 is divided by c(3).
34
Suppose -3*f - 100 = -1918. Let z = f - 459. What is the remainder when z is divided by 50?
47
Suppose 0 = 5*d + 3*u - 111, -24 = 2*d + 2*u - 70. Calculate the remainder when d is divided by -1 + 27/(-3) - 636/(-53).
1
Let m(p) be the second derivative of 0 + 14/3*p**3 - p**2 + 5*p. Calculate the remainder when m(4) is divided by 37.
36
Suppose 0 = 3*y + 182 - 545. Suppose 2*a + k - 230 = 5*a, a = -2*k - 86. Let t = a + y. What is the remainder when t is divided by 23?
20
Calculate the remainder when 2/(-7) + (-3033684)/(-476) is divided by 20.
13
Let z(w) = w**3 + 37*w**2 + 72*w + 78. Let o be z(-35). What is the remainder when 570/o*220/33 is divided by 34?
33
Let k be -10 - (-1 + (-5 - -8)). Let z(b) = 3*b**2 + 39*b + 43. What is the remainder when 74 is divided by z(k)?
4
Suppose 16*x = -12*x + 7*x + 35742. Calculate the remainder when x is divided by 13.
12
Suppose 3*t - 51 = -78. Let h be t/6*804 + 2 + -2. Calculate the remainder when (4 + 1)*h/(-90) is divided by 23.
21
Let b(o) = -3*o - 7. Let n be b(-3). Calculate the remainder when (-1 - (-5 - -8))*-8 is divided by (-4)/n - (-39)/3.
10
Calculate the remainder when (1464/(-48))/61 - (11830/(-4) + 2) is divided by 590.
5
Calculate the remainder when 1/(-2) + (-2 + (-5112)/(-16) - 8) is divided by 31.
30
Let n = -1791 + 1895. What is the remainder when n is divided by 30?
14
Let p(a) be the second derivative of 0 + 1/12*a**4 + 3*a + 25/2*a**2 + 2*a**3. What is the remainder when 95 is divided by p(-11)?
11
Let b(t) = -5*t**3 - 3*t**2 + 2*t + 1. Suppose -4*j + 0*j + 112 = 2*u, -3*j + 84 = -3*u. Calculate the remainder when j is divided by b(-2).
3
Let n = 5 - 1. Suppose n*x - 191 = -39. What is the remainder when x is divided by 161/8 + (-34)/272?
18
Suppose 3*w + 8*b = 15 + 10, 0 = -b - 1. Let m(f) = 5*f + 1. Calculate the remainder when m(6) is divided by w.
9
Let u(p) = -p**2 + 7*p + 36. Let f be u(9). Calculate the remainder when 31 is divided by 108/f + 24/2.
13
Let r(a) = 76*a - 1. Let t(c) = c**3 - 37*c**2 - c + 33. Let p be t(37). Calculate the remainder when r(1) is divided by 27 - 2 - p/(-1 + 5).
23
What is the remainder when (-3 + (-5 - -7))*(-748)/4 is divided by 98?
89
Suppose -2*n = -4*y - 188, 2*n - 34 = y + 139. Calculate the remainder when 576 is divided by n.
72
Suppose 4*p + 231 + 21 = 0. What is the remainder when 2259*((-36)/p)/(18/7) is divided by 21?
19
Suppose 3*z = 27*t - 29*t - 2627, -4*t = 16. Let p = z + 897. What is the remainder when p is divided by 19?
5
Suppose 88 = 2*a + 2*a. Suppose -2*q - a + 100 = 0. Suppose -2*t - 4*r = -40, -4*t - 8*r + 93 = -13*r. What is the remainder when q is divided by t?
17
Suppose -4*d - 407 = -767 - 504. Calculate the remainder when d is divided by 68.
12
Suppose 2*c + 3*y - 74 = 5*y, 2*c + 3*y - 64 = 0. Suppose -3*w + 2*a + 20 = 0, -2 = -2*w - a + 9. What is the remainder when c is divided by w?
5
Let n = 4483 + -3796. What is the remainder when n is divided by 7?
1
Let v = -43 - -138. Let z be (70/(-8))/((-3)/12). Suppose 2*x - z = 5. Calculate the remainder when v is divided by x.
15
Let x(u) = u. Let y(j) = 105. Let b(w) = w + 104. Let v(o) = 4*b(o) - 3*y(o). Let r(h) = v(h) - 2*x(h). What is the remainder when r(0) is divided by 26?
23
Let y(n) = -627*n - 11. Let x be y(-7). Suppose 0 = 11*k + 275 - x. Calculate the remainder when k is divided by 75.
73
Let g(h) = 6*h - 4. Let a be g(10). Let l = 85 - a. Let c = 40 - l. What is the remainder when 38 is divided by c?
5
Let q(c) = -c**2 + 38*c - 189. Let v = 143 - 112. Calculate the remainder when 61 is divided by q(v).
5
Suppose -t = -2*h + 374, -2*t = -5*t + 4*h - 1112. Let g = t + 411. Calculate the remainder when 79 is divided by g.
32
Let c(f) = 6*f**3 + 2*f**2 - 11*f + 22. Let i be c(6). Suppose -6892 = -16*m - i. What is the remainder when m is divided by 13?
10
Let p(n) = -8*n - 3. Suppose -4 = 4*w + d + 8, -3*d - 15 = 5*w. Suppose 0 = -4*b - 4*b + 64. Calculate the remainder when p(w) is divided by b.
5
Let h(x) = 923*x - 7120. What is the remainder when h(8) is divided by 4?
0
Suppose 128 = 4*k - 0*k. Suppose 133 = 5*w - 4*g, -4*w + 5*w = -g + k. Suppose h + 5 = p + 2*h, -p = -4*h - 20. Calculate the remainder when w is divided by p.
5
Suppose 7 = 7*t - 7. Let s = t - -2. Suppose 25 = s*r + 5. What is the remainder when 19 is divided by r?
4
Let b = -4427 + 4588. Calculate the remainder when 176 is divided by b.
15
Let c = -1367 + 3719. Suppose n + c = 5*n. Suppose -6*z + 4*f = -4*z - n, -5*f = 2*z - 588. What is the remainder when z is divided by 37?
35
Let b = -1657 - -1691. What is the remainder when (-64*2)/(10 + -11) is divided by b?
26
Suppose 3*m - 560 = -2*m. Let n = -148592 - -148612. Calculate the remainder when m is divided by n.
12
Suppose -30*v + 26*v = 0. Let m be (55 + v)/(-5)*-1. Suppose -5*u + m = -134. Calculate the remainder when 115 is divided by u.
28
Let r be 4/16*-4*55. Let l = -46 - r. What is the remainder when 29 is divided by l?
2
Suppose -16 = 4*t - 5*n, -4 + 8 = -t + 4*n. Let j = 13 - 7. What is the remainder when (6/t)/((-153)/3468) is divided by j?
4
Suppose -9*p = -2207 - 70. What is the remainder when p is divided by 101?
51
Suppose -1101 = -6*i - 18*i + 867. Calculate the remainder when i is divided by 9.
1
Suppose 59*o + 1760 = 139*o. Calculate the remainder when 913 is divided by o.
11
Suppose k + k = 30. What is the remainder when k is divided by (-203 - -201)/((-4)/((-24)/(-3)))?
3
Let v = 355 - 243. Suppose -15*w + 26 = r - 13*w, -w - 113 = -4*r. What is the remainder when v is divided by r?
0
Let v be (-4)/8 - (-4)/16*22. Suppose 50*j - 49*j = v*l - 867, 3*l = 2*j + 516. What is the remainder when l is divided by 32?
14
Suppose 6976 = 35*z - 1425 - 4584. Suppose -b + 25 = 4*b, 3*q - 76 = -5*b. Calculate the remainder when z is divided by q.
14
Let z = -1122 - -4628. Suppose -z = -14*h - 804. What is the remainder when h is divided by 28?
25
Suppose 8 = -3*h + 5, 0 = -2*d - 5*h + 1695. What is the remainder when d is divided by 61?
57
What is the remainder when (-17876)/(-60) + 4/60 is divided by 13?
12
Let a(l) = -5*l + 4. Suppose -5*k = -5*z - 10, -z - 2 - 2 = k. Suppose 2*t + 192 = 5*t. What is the remainder when t is divided by a(z)?
7
Suppose 11*j + 443 = 1055 - 480. Calculate the remainder when (1953 - 0) + -4 + 4 is divided by j.
9
Let y = 503 + -458. Let f = 48 + -43. Suppose 194 = i + f*b, -373 = -6*i + 4*i - 5*b. What is the remainder when i is divided by y?
44
Suppose 15*j - 777 = 273. What is the remainder when 1257 is divided by j?
67
Suppose -4*b + 3*b + 4 = 0. Suppose